ten thousands digit of 9118358?
1
What is the units digit of 3253941?
1
What is the units digit of 3125899?
9
What is the ten thousands digit of 53615?
5
What is the tens digit of 9598464?
6
What is the tens digit of 353301?
0
What is the hundreds digit of 360286?
2
What is the hundred thousands digit of 4029677?
0
What is the units digit of 1497908?
8
What is the units digit of 8352278?
8
What is the units digit of 18166?
6
What is the tens digit of 4939?
3
What is the thousands digit of 346883?
6
What is the tens digit of 4082798?
9
What is the thousands digit of 8405328?
5
What is the hundreds digit of 591494?
4
What is the hundreds digit of 12615238?
2
What is the units digit of 791959?
9
What is the millions digit of 4580595?
4
What is the ten thousands digit of 582691?
8
What is the millions digit of 13758914?
3
What is the hundreds digit of 69481?
4
What is the hundred thousands digit of 282702?
2
What is the millions digit of 3720182?
3
What is the hundreds digit of 23789989?
9
What is the thousands digit of 223484?
3
What is the thousands digit of 124324?
4
What is the thousands digit of 3509750?
9
What is the tens digit of 1233222?
2
What is the hundreds digit of 7442624?
6
What is the millions digit of 10096149?
0
What is the ten thousands digit of 1237970?
3
What is the hundred thousands digit of 1184905?
1
What is the tens digit of 16118313?
1
What is the millions digit of 3096640?
3
What is the tens digit of 235234?
3
What is the thousands digit of 953779?
3
What is the hundred thousands digit of 1801563?
8
What is the tens digit of 496944?
4
What is the units digit of 13429880?
0
What is the tens digit of 543593?
9
What is the units digit of 28099971?
1
What is the ten thousands digit of 3276436?
7
What is the millions digit of 11616874?
1
What is the tens digit of 523928?
2
What is the units digit of 618476?
6
What is the thousands digit of 729486?
9
What is the thousands digit of 14968?
4
What is the hundreds digit of 16855?
8
What is the thousands digit of 2751484?
1
What is the thousands digit of 6968575?
8
What is the thousands digit of 82411?
2
What is the thousands digit of 52324?
2
What is the units digit of 18341?
1
What is the ten thousands digit of 1020110?
2
What is the ten thousands digit of 552044?
5
What is the hundreds digit of 167800?
8
What is the hundreds digit of 556205?
2
What is the hundred thousands digit of 4079077?
0
What is the hundred thousands digit of 223269?
2
What is the thousands digit of 29651524?
1
What is the tens digit of 46364?
6
What is the millions digit of 10141749?
0
What is the units digit of 428858?
8
What is the thousands digit of 297744?
7
What is the thousands digit of 371000?
1
What is the units digit of 2533359?
9
What is the tens digit of 24557?
5
What is the thousands digit of 5870111?
0
What is the units digit of 18503489?
9
What is the tens digit of 363389?
8
What is the hundreds digit of 2367435?
4
What is the hundred thousands digit of 144071?
1
What is the hundreds digit of 97722?
7
What is the units digit of 37466?
6
What is the units digit of 7240879?
9
What is the tens digit of 860403?
0
What is the hundred thousands digit of 8610920?
6
What is the ten thousands digit of 75163?
7
What is the hundred thousands digit of 646094?
6
What is the tens digit of 678539?
3
What is the ten thousands digit of 233497?
3
What is the ten thousands digit of 250870?
5
What is the units digit of 2376035?
5
What is the ten thousands digit of 1110906?
1
What is the thousands digit of 314870?
4
What is the units digit of 4189701?
1
What is the ten thousands digit of 367810?
6
What is the ten thousands digit of 7217226?
1
What is the ten thousands digit of 196386?
9
What is the hundred thousands digit of 1217277?
2
What is the hundreds digit of 2145373?
3
What is the units digit of 160942?
2
What is the units digit of 725703?
3
What is the hundreds digit of 198870?
8
What is the tens digit of 31347?
4
What is the hundreds digit of 12592163?
1
What is the hundred thousands digit of 1190719?
1
What is the ten thousands digit of 280107?
8
What is the thousands digit of 233227?
3
What is the hundreds digit of 101384?
3
What is the millions digit of 1595956?
1
What is the ten millions digit of 22268946?
2
What is the units digit of 426996?
6
What is the ten thousands digit of 11491?
1
What is the units digit of 92530?
0
What is the ten thousands digit of 255796?
5
What is the millions digit of 6791429?
6
What is the ten thousands digit of 52263?
5
What is the ten thousands digit of 153291?
5
What is the hundred thousands digit of 2641726?
6
What is the ten thousands digit of 1017461?
1
What is the units digit of 575737?
7
What is the hundreds digit of 706336?
3
What is the thousands digit of 1102439?
2
What is the hundreds digit of 16137191?
1
What is the tens digit of 154074?
7
What is the hundred thousands digit of 450771?
4
What is the units digit of 964337?
7
What is the tens digit of 371295?
9
What is the ten thousands digit of 267920?
6
What is the tens digit of 118864?
6
What is the units digit of 2334132?
2
What is the units digit of 685132?
2
What is the tens digit of 33547762?
6
What is the thousands digit of 165558?
5
What is the millions digit of 2941965?
2
What is the units digit of 1049652?
2
What is the hundreds digit of 2183345?
3
What is the thousands digit of 2934805?
4
What is the hundred thousands digit of 393008?
3
What is the ten thousands digit of 4573181?
7
What is the millions digit of 1590252?
1
What is the hundred thousands digit of 5055423?
0
What is the tens digit of 1772561?
6
What is the thousands digit of 14498307?
8
What is the ten thousands digit of 1290711?
9
What is the hundreds digit of 603685?
6
What is the ten thousands digit of 534178?
3
What is the ten thousands digit of 976141?
7
What is the hundred thousands digit of 18030094?
0
What is the tens digit of 1258526?
2
What is the hundreds digit of 1334365?
3
What is the units digit of 3178655?
5
What is the tens digit of 154881?
8
What is the ten thousands digit of 810258?
1
What is the ten thousands digit of 1689494?
8
What is the hundreds digit of 1488812?
8
What is the ten thousands digit of 1403310?
0
What is the units digit of 7657170?
0
What is the tens digit of 451020?
2
What is the hundreds digit of 61067?
0
What is the hundreds digit of 3459827?
8
What is the hundred thousands digit of 904827?
9
What is the units digit of 671449?
9
What is the hundreds digit of 8125751?
7
What is the units digit of 980126?
6
What is the tens digit of 1232855?
5
What is the ten thousands digit of 163404?
6
What is the tens digit of 1151731?
3
What is the tens digit of 831929?
2
What is the tens digit of 862633?
3
What is the tens digit of 5337503?
0
What is the units digit of 502133?
3
What is the thousands digit of 196816?
6
What is the hundred thousands digit of 3226399?
2
What is the hundred thousands digit of 606032?
6
What is the thousands digit of 1112678?
2
What is the thousands digit of 16975104?
5
What is the hundred thousands digit of 615497?
6
What is the millions digit of 2693496?
2
What is the thousands digit of 574419?
4
What is the ten thousands digit of 226642?
2
What is the thousands digit of 1746177?
6
What is the hundred thousands digit of 4588852?
5
What is the units digit of 1478744?
4
What is the ten thousands digit of 213779?
1
What is the tens digit of 243252?
5
What is the hundreds digit of 4618056?
0
What is the ten thousands digit of 6190414?
9
What is the units digit of 2205064?
4
What is the units digit of 67456?
6
What is the units digit of 767373?
3
What is the thousands digit of 1160975?
0
What is the hundreds digit of 1722532?
5
What is the thousands digit of 204537?
4
What is the units digit of 1906938?
8
What is the hundreds digit of 997413?
4
What is the units digit of 3737021?
1
What is the hundreds digit of 296235?
2
What is the thousands digit of 1986397?
6
What is the tens digit of 2727450?
5
What is the tens digit of 235655?
5
What is the hundreds digit of 226075?
0
What is the hundreds digit of 1426802?
8
What is the millions digit of 1683635?
1
What is the hundred thousands digit of 137965?
1
What is the tens digit of 789601?
0
What is the units digit of 6014502?
2
What 